{"id":166,"date":"2025-08-18T17:03:40","date_gmt":"2025-08-18T15:03:40","guid":{"rendered":"http:\/\/cdtir49.fr\/?page_id=166"},"modified":"2025-10-02T18:26:30","modified_gmt":"2025-10-02T16:26:30","slug":"arma-vitruvio","status":"publish","type":"page","link":"https:\/\/cdtir49.fr\/?page_id=166","title":{"rendered":"Arma Vitruvio"},"content":{"rendered":"\n<div class=\"wp-block-columns is-layout-flex wp-container-core-columns-is-layout-28f84493 wp-block-columns-is-layout-flex\">\n<div class=\"wp-block-column is-layout-flow wp-block-column-is-layout-flow\" style=\"flex-basis:66.66%\">\n<div class=\"wp-block-media-text is-stacked-on-mobile is-vertically-aligned-top\" style=\"grid-template-columns:17% auto\"><figure class=\"wp-block-media-text__media\"><img loading=\"lazy\" decoding=\"async\" width=\"758\" height=\"1024\" src=\"http:\/\/cdtir49.fr\/wp-content\/uploads\/2025\/08\/arma-vitruvio-758x1024.png\" alt=\"\" class=\"wp-image-216 size-full\" srcset=\"https:\/\/cdtir49.fr\/wp-content\/uploads\/2025\/08\/arma-vitruvio-758x1024.png 758w, https:\/\/cdtir49.fr\/wp-content\/uploads\/2025\/08\/arma-vitruvio-222x300.png 222w, https:\/\/cdtir49.fr\/wp-content\/uploads\/2025\/08\/arma-vitruvio.png 1665w\" sizes=\"auto, (max-width: 758px) 100vw, 758px\" \/><\/figure><div class=\"wp-block-media-text__content\">\n<p>Pr\u00e9sident : S\u00e9bastien Thieffry<br>N\u00b0 club : 0549251<\/p>\n\n\n\n<p>Armurerie Arma Vitruvio<br>Rue de l&#8217;Avenir, ZA du champ Blanchard <br>49400 DISTRE<\/p>\n\n\n\n<p>\u2709\ufe0f Email : armavitruvio.leclub@gmail.com<br>\ud83d\udcde T\u00e9l. : 02 53 93 90 20<\/p>\n<\/div><\/div>\n<\/div>\n\n\n\n<div class=\"wp-block-column is-layout-flow wp-block-column-is-layout-flow\" style=\"flex-basis:33.33%\">\n<p><\/p>\n<\/div>\n<\/div>\n\n\n\n<p><\/p>\n\n\n\n<p><\/p>\n\n\n\n<hr class=\"wp-block-separator has-alpha-channel-opacity is-style-wide\" style=\"margin-top:0;margin-bottom:0\"\/>\n\n\n\n<div class=\"wp-block-columns is-layout-flex wp-container-core-columns-is-layout-28f84493 wp-block-columns-is-layout-flex\">\n<div class=\"wp-block-column is-layout-flow wp-block-column-is-layout-flow\">\n<p><strong>Rechercher clubs Maine-et-Loire<\/strong><br><a href=\"http:\/\/cdtir49.fr\/?page_id=163\">Acad\u00e9mie de Tir AT2000<\/a><br><a href=\"http:\/\/cdtir49.fr\/?page_id=166\">Arma Vitruvio<\/a><br><a href=\"http:\/\/cdtir49.fr\/?page_id=168\">Association Sportive de Tierc\u00e9 Tir<\/a><br><a href=\"http:\/\/cdtir49.fr\/?page_id=170\">Association Sportive de Tir Durtalois<\/a><br><a href=\"http:\/\/cdtir49.fr\/?page_id=172\">ATS Angers<\/a><\/p>\n<\/div>\n\n\n\n<div class=\"wp-block-column is-layout-flow wp-block-column-is-layout-flow\">\n<p><br><a href=\"http:\/\/cdtir49.fr\/?page_id=174\">CDSAD &#8211; AG Tir Gros Calibre<\/a><br><a href=\"http:\/\/cdtir49.fr\/?page_id=176\">Cholet Tir Sportif<\/a><br><a href=\"http:\/\/cdtir49.fr\/?page_id=178\">Esp\u00e9rance Tir St-Laurent-de-la-Plaine<\/a><br><a href=\"http:\/\/cdtir49.fr\/?page_id=180\">Racing club Douessin Tir<\/a><br><a href=\"http:\/\/cdtir49.fr\/?page_id=182\">SSTAR<\/a><\/p>\n<\/div>\n<\/div>\n\n\n\n<p><\/p>\n\n\n\n<p><\/p>\n","protected":false},"excerpt":{"rendered":"<p>Pr\u00e9sident : S\u00e9bastien ThieffryN\u00b0 club : 0549251 Armurerie Arma VitruvioRue de l&#8217;Avenir, ZA du champ Blanchard 49400 DISTRE \u2709\ufe0f Email : armavitruvio.leclub@gmail.com\ud83d\udcde T\u00e9l. : 02 53 93 90 20 Rechercher clubs Maine-et-LoireAcad\u00e9mie de Tir AT2000Arma VitruvioAssociation Sportive de Tierc\u00e9 TirAssociation Sportive de Tir DurtaloisATS Angers CDSAD &#8211; AG Tir Gros CalibreCholet Tir SportifEsp\u00e9rance Tir St-Laurent-de-la-PlaineRacing &hellip; <\/p>\n<p class=\"link-more\"><a href=\"https:\/\/cdtir49.fr\/?page_id=166\" class=\"more-link\">Read more<span class=\"screen-reader-text\"> &#8220;Arma Vitruvio&#8221;<\/span><\/a><\/p>\n","protected":false},"author":1,"featured_media":0,"parent":45,"menu_order":0,"comment_status":"closed","ping_status":"closed","template":"","meta":{"footnotes":""},"class_list":["post-166","page","type-page","status-publish","hentry"],"_links":{"self":[{"href":"https:\/\/cdtir49.fr\/index.php?rest_route=\/wp\/v2\/pages\/166","targetHints":{"allow":["GET"]}}],"collection":[{"href":"https:\/\/cdtir49.fr\/index.php?rest_route=\/wp\/v2\/pages"}],"about":[{"href":"https:\/\/cdtir49.fr\/index.php?rest_route=\/wp\/v2\/types\/page"}],"author":[{"embeddable":true,"href":"https:\/\/cdtir49.fr\/index.php?rest_route=\/wp\/v2\/users\/1"}],"replies":[{"embeddable":true,"href":"https:\/\/cdtir49.fr\/index.php?rest_route=%2Fwp%2Fv2%2Fcomments&post=166"}],"version-history":[{"count":5,"href":"https:\/\/cdtir49.fr\/index.php?rest_route=\/wp\/v2\/pages\/166\/revisions"}],"predecessor-version":[{"id":355,"href":"https:\/\/cdtir49.fr\/index.php?rest_route=\/wp\/v2\/pages\/166\/revisions\/355"}],"up":[{"embeddable":true,"href":"https:\/\/cdtir49.fr\/index.php?rest_route=\/wp\/v2\/pages\/45"}],"wp:attachment":[{"href":"https:\/\/cdtir49.fr\/index.php?rest_route=%2Fwp%2Fv2%2Fmedia&parent=166"}],"curies":[{"name":"wp","href":"https:\/\/api.w.org\/{rel}","templated":true}]}}