{"id":182,"date":"2025-08-18T17:07:26","date_gmt":"2025-08-18T15:07:26","guid":{"rendered":"http:\/\/cdtir49.fr\/?page_id=182"},"modified":"2025-10-02T18:30:14","modified_gmt":"2025-10-02T16:30:14","slug":"sstar","status":"publish","type":"page","link":"https:\/\/cdtir49.fr\/?page_id=182","title":{"rendered":"SSTAR &#8211; Soci\u00e9t\u00e9 Saumuroise de Tir Armes Ray\u00e9es"},"content":{"rendered":"\n<div class=\"wp-block-columns is-layout-flex wp-container-core-columns-is-layout-28f84493 wp-block-columns-is-layout-flex\">\n<div class=\"wp-block-column is-layout-flow wp-block-column-is-layout-flow\" style=\"flex-basis:66.66%\">\n<div class=\"wp-block-media-text is-stacked-on-mobile is-vertically-aligned-top\" style=\"grid-template-columns:16% auto\"><figure class=\"wp-block-media-text__media\"><img loading=\"lazy\" decoding=\"async\" width=\"766\" height=\"768\" src=\"http:\/\/cdtir49.fr\/wp-content\/uploads\/2025\/08\/saumur.png\" alt=\"\" class=\"wp-image-239 size-full\" srcset=\"https:\/\/cdtir49.fr\/wp-content\/uploads\/2025\/08\/saumur.png 766w, https:\/\/cdtir49.fr\/wp-content\/uploads\/2025\/08\/saumur-300x300.png 300w, https:\/\/cdtir49.fr\/wp-content\/uploads\/2025\/08\/saumur-150x150.png 150w\" sizes=\"auto, (max-width: 766px) 100vw, 766px\" \/><\/figure><div class=\"wp-block-media-text__content\">\n<p>Pr\u00e9sident : Olivier Guignard<br>N\u00b0 club : 0549037<\/p>\n\n\n\n<p>Stand du Marsoleau <br>162 impasse Etienne Pariset <br>Le Marsolleau &#8211; Saint Hilaire Saint Forent <br>49400 SAUMUR<\/p>\n\n\n\n<p>\u2709\ufe0f Email : sstar49@orange.fr<br>\ud83d\udcde T\u00e9l. : 02 41 50 31 10<br>\ud83c\udf10 Site web : <a href=\"https:\/\/sstar.sportsregions.fr\/\">sstar.sportsregions.fr<\/a><br>Facebook : <a href=\"https:\/\/www.facebook.com\/saumurtir49?locale=hi_IN\">SSTAR Saumur<\/a><br>Instagram : <a href=\"https:\/\/www.instagram.com\/sstar_saumur49\/\">@sstar_saumur<\/a><\/p>\n\n\n\n<p><span style=\"text-decoration: underline;\">Pratiques<\/span> :<br>* 10m : carabine et pistolet, \u00e9cole de tir, pistolet vitesse et standard, arbal\u00e8te match<br>* 25m : standard, vitesse, armes anciennes<br>* 50m : carabine, TAR, pistolet<\/p>\n\n\n\n<p><span style=\"text-decoration: underline;\">Horaires<\/span> :&nbsp;<br>Mardi 18h-20h<br>Vendredi 18h-20h<br>Samedi 14h30-17h30<br>Dimanche 9h30-12h<\/p>\n<\/div><\/div>\n<\/div>\n\n\n\n<div class=\"wp-block-column is-layout-flow wp-block-column-is-layout-flow\" style=\"flex-basis:33.33%\">\n<p><\/p>\n<\/div>\n<\/div>\n\n\n\n<p><\/p>\n\n\n\n<p><\/p>\n\n\n\n<hr class=\"wp-block-separator has-alpha-channel-opacity is-style-wide\" style=\"margin-top:0;margin-bottom:0\"\/>\n\n\n\n<div class=\"wp-block-columns is-layout-flex wp-container-core-columns-is-layout-28f84493 wp-block-columns-is-layout-flex\">\n<div class=\"wp-block-column is-layout-flow wp-block-column-is-layout-flow\">\n<p><strong>Rechercher clubs Maine-et-Loire<\/strong><br><a href=\"http:\/\/cdtir49.fr\/?page_id=163\">Acad\u00e9mie de Tir AT2000<\/a><br><a href=\"http:\/\/cdtir49.fr\/?page_id=166\">Arma Vitruvio<\/a><br><a href=\"http:\/\/cdtir49.fr\/?page_id=168\">Association Sportive de Tierc\u00e9 Tir<\/a><br><a href=\"http:\/\/cdtir49.fr\/?page_id=170\">Association Sportive de Tir Durtalois<\/a><br><a href=\"http:\/\/cdtir49.fr\/?page_id=172\">ATS Angers<\/a><\/p>\n<\/div>\n\n\n\n<div class=\"wp-block-column is-layout-flow wp-block-column-is-layout-flow\">\n<p><br><a href=\"http:\/\/cdtir49.fr\/?page_id=174\">CDSAD &#8211; AG Tir Gros Calibre<\/a><br><a href=\"http:\/\/cdtir49.fr\/?page_id=176\">Cholet Tir Sportif<\/a><br><a href=\"http:\/\/cdtir49.fr\/?page_id=178\">Esp\u00e9rance Tir St-Laurent-de-la-Plaine<\/a><br><a href=\"http:\/\/cdtir49.fr\/?page_id=180\">Racing club Douessin Tir<\/a><br><a href=\"http:\/\/cdtir49.fr\/?page_id=182\">SSTAR<\/a><\/p>\n<\/div>\n<\/div>\n\n\n\n<p><\/p>\n","protected":false},"excerpt":{"rendered":"<p>Pr\u00e9sident : Olivier GuignardN\u00b0 club : 0549037 Stand du Marsoleau 162 impasse Etienne Pariset Le Marsolleau &#8211; Saint Hilaire Saint Forent 49400 SAUMUR \u2709\ufe0f Email : sstar49@orange.fr\ud83d\udcde T\u00e9l. : 02 41 50 31 10\ud83c\udf10 Site web : sstar.sportsregions.frFacebook : SSTAR SaumurInstagram : @sstar_saumur Pratiques :* 10m : carabine et pistolet, \u00e9cole de tir, pistolet vitesse &hellip; <\/p>\n<p class=\"link-more\"><a href=\"https:\/\/cdtir49.fr\/?page_id=182\" class=\"more-link\">Read more<span class=\"screen-reader-text\"> &#8220;SSTAR &#8211; Soci\u00e9t\u00e9 Saumuroise de Tir Armes Ray\u00e9es&#8221;<\/span><\/a><\/p>\n","protected":false},"author":1,"featured_media":0,"parent":45,"menu_order":0,"comment_status":"closed","ping_status":"closed","template":"","meta":{"footnotes":""},"class_list":["post-182","page","type-page","status-publish","hentry"],"_links":{"self":[{"href":"https:\/\/cdtir49.fr\/index.php?rest_route=\/wp\/v2\/pages\/182","targetHints":{"allow":["GET"]}}],"collection":[{"href":"https:\/\/cdtir49.fr\/index.php?rest_route=\/wp\/v2\/pages"}],"about":[{"href":"https:\/\/cdtir49.fr\/index.php?rest_route=\/wp\/v2\/types\/page"}],"author":[{"embeddable":true,"href":"https:\/\/cdtir49.fr\/index.php?rest_route=\/wp\/v2\/users\/1"}],"replies":[{"embeddable":true,"href":"https:\/\/cdtir49.fr\/index.php?rest_route=%2Fwp%2Fv2%2Fcomments&post=182"}],"version-history":[{"count":7,"href":"https:\/\/cdtir49.fr\/index.php?rest_route=\/wp\/v2\/pages\/182\/revisions"}],"predecessor-version":[{"id":360,"href":"https:\/\/cdtir49.fr\/index.php?rest_route=\/wp\/v2\/pages\/182\/revisions\/360"}],"up":[{"embeddable":true,"href":"https:\/\/cdtir49.fr\/index.php?rest_route=\/wp\/v2\/pages\/45"}],"wp:attachment":[{"href":"https:\/\/cdtir49.fr\/index.php?rest_route=%2Fwp%2Fv2%2Fmedia&parent=182"}],"curies":[{"name":"wp","href":"https:\/\/api.w.org\/{rel}","templated":true}]}}