{"id":41,"date":"2025-08-17T15:30:27","date_gmt":"2025-08-17T15:30:27","guid":{"rendered":"http:\/\/cdtir49.fr\/?page_id=41"},"modified":"2025-10-24T09:56:03","modified_gmt":"2025-10-24T07:56:03","slug":"comite","status":"publish","type":"page","link":"https:\/\/cdtir49.fr\/?page_id=41","title":{"rendered":"Comit\u00e9 directeur"},"content":{"rendered":"\n<div class=\"wp-block-columns is-layout-flex wp-container-core-columns-is-layout-28f84493 wp-block-columns-is-layout-flex\">\n<div class=\"wp-block-column is-layout-flow wp-block-column-is-layout-flow\">\n<h4 class=\"wp-block-heading has-medium-font-size\">Le Bureau<\/h4>\n\n\n\n<p><strong>Pr\u00e9sident<\/strong><br>Herv\u00e9 Li\u00e8vre<br>accueil@cdtir49.fr<\/p>\n\n\n\n<p><strong>Secr\u00e9taire<\/strong><br>Vincent Horny<br>secretaire@cdtir49.fr<\/p>\n\n\n\n<p><strong>Tr\u00e9sorier<\/strong><br>J\u00e9r\u00f4me Joly<br>tresorier@cdtir49.fr<\/p>\n<\/div>\n\n\n\n<div class=\"wp-block-column is-layout-flow wp-block-column-is-layout-flow\">\n<h2 class=\"wp-block-heading\"><\/h2>\n\n\n\n<p><strong>Gestion Sportive<\/strong><br>Alexandre Prat<br>gestionsportive@cdtir49.fr<\/p>\n\n\n\n<p><strong>Homologation<\/strong><br>Fran\u00e7ois Cardinal<br>homologation@cdtir49.fr<\/p>\n\n\n\n<p><strong>Arbitrage<\/strong><br>Daniel Bureau<br>arbitrage@cdtir49.fr<br><\/p>\n<\/div>\n<\/div>\n\n\n\n<hr class=\"wp-block-separator has-alpha-channel-opacity\"\/>\n\n\n\n<p>Olivier Guignard, Vice-Pr\u00e9sident<br>Manon Juret, Vice-tr\u00e9sori\u00e8re<\/p>\n\n\n\n<p>Jean-Philippe Artaud<br>Mig\u00fcel Bluteau<br>G\u00e9rald Foullard<br>Killian Jacquemin<\/p>\n","protected":false},"excerpt":{"rendered":"<p>Le Bureau Pr\u00e9sidentHerv\u00e9 Li\u00e8vreaccueil@cdtir49.fr Secr\u00e9taireVincent Hornysecretaire@cdtir49.fr Tr\u00e9sorierJ\u00e9r\u00f4me Jolytresorier@cdtir49.fr Gestion SportiveAlexandre Pratgestionsportive@cdtir49.fr HomologationFran\u00e7ois Cardinalhomologation@cdtir49.fr ArbitrageDaniel Bureauarbitrage@cdtir49.fr Olivier Guignard, Vice-Pr\u00e9sidentManon Juret, Vice-tr\u00e9sori\u00e8re Jean-Philippe ArtaudMig\u00fcel BluteauG\u00e9rald FoullardKillian Jacquemin<\/p>\n","protected":false},"author":1,"featured_media":0,"parent":0,"menu_order":0,"comment_status":"closed","ping_status":"closed","template":"","meta":{"footnotes":""},"class_list":["post-41","page","type-page","status-publish","hentry"],"_links":{"self":[{"href":"https:\/\/cdtir49.fr\/index.php?rest_route=\/wp\/v2\/pages\/41","targetHints":{"allow":["GET"]}}],"collection":[{"href":"https:\/\/cdtir49.fr\/index.php?rest_route=\/wp\/v2\/pages"}],"about":[{"href":"https:\/\/cdtir49.fr\/index.php?rest_route=\/wp\/v2\/types\/page"}],"author":[{"embeddable":true,"href":"https:\/\/cdtir49.fr\/index.php?rest_route=\/wp\/v2\/users\/1"}],"replies":[{"embeddable":true,"href":"https:\/\/cdtir49.fr\/index.php?rest_route=%2Fwp%2Fv2%2Fcomments&post=41"}],"version-history":[{"count":16,"href":"https:\/\/cdtir49.fr\/index.php?rest_route=\/wp\/v2\/pages\/41\/revisions"}],"predecessor-version":[{"id":442,"href":"https:\/\/cdtir49.fr\/index.php?rest_route=\/wp\/v2\/pages\/41\/revisions\/442"}],"wp:attachment":[{"href":"https:\/\/cdtir49.fr\/index.php?rest_route=%2Fwp%2Fv2%2Fmedia&parent=41"}],"curies":[{"name":"wp","href":"https:\/\/api.w.org\/{rel}","templated":true}]}}