{"id":43,"date":"2025-08-17T15:30:48","date_gmt":"2025-08-17T15:30:48","guid":{"rendered":"http:\/\/cdtir49.fr\/?page_id=43"},"modified":"2025-10-09T15:44:27","modified_gmt":"2025-10-09T13:44:27","slug":"disciplines","status":"publish","type":"page","link":"https:\/\/cdtir49.fr\/?page_id=43","title":{"rendered":"Disciplines"},"content":{"rendered":"\n<p>D\u00e9couvrez le tir sportif et ses <strong>12 disciplines FFTIR<\/strong>.<\/p>\n\n\n\n<p><a href=\"NotFoundError: Failed to execute 'removeChild' on 'Node': The node to be removed is not a child of this node.     at $r (http:\/\/cdtir49.fr\/wp-includes\/js\/dist\/vendor\/react-dom.min.js?ver=18.3.1.1:10:74972)     at Kr (http:\/\/cdtir49.fr\/wp-includes\/js\/dist\/vendor\/react-dom.min.js?ver=18.3.1.1:10:76214)     at Yr (http:\/\/cdtir49.fr\/wp-includes\/js\/dist\/vendor\/react-dom.min.js?ver=18.3.1.1:10:76676)     at Kr (http:\/\/cdtir49.fr\/wp-includes\/js\/dist\/vendor\/react-dom.min.js?ver=18.3.1.1:10:76364)     at Yr (http:\/\/cdtir49.fr\/wp-includes\/js\/dist\/vendor\/react-dom.min.js?ver=18.3.1.1:10:76676)     at Kr (http:\/\/cdtir49.fr\/wp-includes\/js\/dist\/vendor\/react-dom.min.js?ver=18.3.1.1:10:76364)     at Yr (http:\/\/cdtir49.fr\/wp-includes\/js\/dist\/vendor\/react-dom.min.js?ver=18.3.1.1:10:76479)     at Kr (http:\/\/cdtir49.fr\/wp-includes\/js\/dist\/vendor\/react-dom.min.js?ver=18.3.1.1:10:76364)     at Yr (http:\/\/cdtir49.fr\/wp-includes\/js\/dist\/vendor\/react-dom.min.js?ver=18.3.1.1:10:76676)     at Kr (http:\/\/cdtir49.fr\/wp-includes\/js\/dist\/vendor\/react-dom.min.js?ver=18.3.1.1:10:76364)\">T\u00e9l\u00e9chargez le manuel du Tir Sportif en cliquant ici<\/a><\/p>\n\n\n\n<div class=\"wp-block-media-text is-stacked-on-mobile is-vertically-aligned-top\" style=\"grid-template-columns:25% auto\"><figure class=\"wp-block-media-text__media\"><img loading=\"lazy\" decoding=\"async\" width=\"342\" height=\"342\" src=\"http:\/\/cdtir49.fr\/wp-content\/uploads\/2025\/08\/02-arbalete.png\" alt=\"\" class=\"wp-image-60 size-full\" srcset=\"https:\/\/cdtir49.fr\/wp-content\/uploads\/2025\/08\/02-arbalete.png 342w, https:\/\/cdtir49.fr\/wp-content\/uploads\/2025\/08\/02-arbalete-300x300.png 300w, https:\/\/cdtir49.fr\/wp-content\/uploads\/2025\/08\/02-arbalete-150x150.png 150w, https:\/\/cdtir49.fr\/wp-content\/uploads\/2025\/08\/02-arbalete-100x100.png 100w\" sizes=\"auto, (max-width: 342px) 100vw, 342px\" \/><\/figure><div class=\"wp-block-media-text__content\">\n<h4 class=\"wp-block-heading\">ARBAL\u00c8TE<\/h4>\n\n\n\n<p>Il existe deux sortes de pratique, l\u2019arbal\u00e8te match et l\u2019arbal\u00e8te field. L\u2019arbal\u00e8te match est l\u2019h\u00e9riti\u00e8re de l\u2019arbal\u00e8te traditionnelle utilis\u00e9e au Moyen \u00c2ge ; elle se tire \u00e0 10 m en position debout et \u00e0 30 m dans les positions debout et genou. Le tir se fait en stand de tir, sur une cible, en utilisant un trait. L\u2019arbal\u00e8te field est tr\u00e8s proche de l\u2019esprit du tir \u00e0 l\u2019arc avec l\u2019utilisation de cordes, de branches d\u2019arc et de fl\u00e8ches. On tire sur des cibles utilis\u00e9es au tir \u00e0 l\u2019arc, plut\u00f4t en ext\u00e9rieur aux distances de 35, 50 et 65 m, avec une pratique hivernale \u00e0 18 m en salle.<\/p>\n<\/div><\/div>\n\n\n\n<div class=\"wp-block-media-text is-stacked-on-mobile is-vertically-aligned-top\" style=\"grid-template-columns:25% auto\"><figure class=\"wp-block-media-text__media\"><img loading=\"lazy\" decoding=\"async\" width=\"342\" height=\"342\" src=\"http:\/\/cdtir49.fr\/wp-content\/uploads\/2025\/08\/01-armes-anciennes.png\" alt=\"\" class=\"wp-image-61 size-full\" srcset=\"https:\/\/cdtir49.fr\/wp-content\/uploads\/2025\/08\/01-armes-anciennes.png 342w, https:\/\/cdtir49.fr\/wp-content\/uploads\/2025\/08\/01-armes-anciennes-300x300.png 300w, https:\/\/cdtir49.fr\/wp-content\/uploads\/2025\/08\/01-armes-anciennes-150x150.png 150w, https:\/\/cdtir49.fr\/wp-content\/uploads\/2025\/08\/01-armes-anciennes-100x100.png 100w\" sizes=\"auto, (max-width: 342px) 100vw, 342px\" \/><\/figure><div class=\"wp-block-media-text__content\">\n<h4 class=\"wp-block-heading\">ARMES ANCIENNES<\/h4>\n\n\n\n<p>C\u2019est la discipline des collectionneurs ou des comp\u00e9titeurs entretenant avec passion des armes anciennes d\u2019origine (avant 1900) ou des r\u00e9pliques fonctionnant avec diff\u00e9rents syst\u00e8mes de mise \u00e0 feu (m\u00e8che, silex, percussion). D\u00e9couvrez ces armes de poing ou d\u2019\u00e9paule. Elles fonctionnent \u00e0 la poudre noire et se rechargent par la bouche du canon : mousquets \u00e0 m\u00e8che des mousquetaires, pistolets de duel du XIXe si\u00e8cle, revolvers et carabines de la conqu\u00eate de l\u2019Ouest, fusils \u00e0 silex de l\u2019\u00e9poque napol\u00e9onienne, ainsi que les vieux fusils de chasse \u00e0 percussion.<\/p>\n<\/div><\/div>\n\n\n\n<div class=\"wp-block-media-text is-stacked-on-mobile\" style=\"grid-template-columns:25% auto\"><figure class=\"wp-block-media-text__media\"><img loading=\"lazy\" decoding=\"async\" width=\"342\" height=\"342\" src=\"http:\/\/cdtir49.fr\/wp-content\/uploads\/2025\/08\/03-bench-rest.png\" alt=\"\" class=\"wp-image-62 size-full\" srcset=\"https:\/\/cdtir49.fr\/wp-content\/uploads\/2025\/08\/03-bench-rest.png 342w, https:\/\/cdtir49.fr\/wp-content\/uploads\/2025\/08\/03-bench-rest-300x300.png 300w, https:\/\/cdtir49.fr\/wp-content\/uploads\/2025\/08\/03-bench-rest-150x150.png 150w, https:\/\/cdtir49.fr\/wp-content\/uploads\/2025\/08\/03-bench-rest-100x100.png 100w\" sizes=\"auto, (max-width: 342px) 100vw, 342px\" \/><\/figure><div class=\"wp-block-media-text__content\">\n<h4 class=\"wp-block-heading\">BENCH REST<\/h4>\n\n\n\n<p>Si vous \u00eates attir\u00e9 par la pr\u00e9cision ultime et par la balistique, le tir avec appui &#8211; Bench rest ou Hunter &#8211; est fait pour vous. Vous utiliserez des armes d\u2019\u00e9paule \u00e9quip\u00e9es de lunettes t\u00e9lescopiques \u00e0 fort grossissement sur des cibles situ\u00e9es \u00e0 100 ou 200 m. Ce tir de pr\u00e9cision se pratique \u00e9galement \u00e0 50 m avec des carabines \u00e0 lunettes de calibre 22 LR dans une \u00e9preuve accessible nomm\u00e9e \u00ab22 Hunter\u00bb. Assis derri\u00e8re une table de tir, votre arme reposera, pour une plus grande pr\u00e9cision, sur des supports adapt\u00e9s et r\u00e9glables. Le jeu consiste \u00e0 obtenir le plus petit groupement de cinq coups pour le Bench rest (quelques mm) ou le meilleur score possible pour le Hunter.<\/p>\n<\/div><\/div>\n\n\n\n<div class=\"wp-block-media-text is-stacked-on-mobile\" style=\"grid-template-columns:25% auto\"><figure class=\"wp-block-media-text__media\"><img loading=\"lazy\" decoding=\"async\" width=\"342\" height=\"342\" src=\"http:\/\/cdtir49.fr\/wp-content\/uploads\/2025\/08\/04-carabine.png\" alt=\"\" class=\"wp-image-63 size-full\" srcset=\"https:\/\/cdtir49.fr\/wp-content\/uploads\/2025\/08\/04-carabine.png 342w, https:\/\/cdtir49.fr\/wp-content\/uploads\/2025\/08\/04-carabine-300x300.png 300w, https:\/\/cdtir49.fr\/wp-content\/uploads\/2025\/08\/04-carabine-150x150.png 150w, https:\/\/cdtir49.fr\/wp-content\/uploads\/2025\/08\/04-carabine-100x100.png 100w\" sizes=\"auto, (max-width: 342px) 100vw, 342px\" \/><\/figure><div class=\"wp-block-media-text__content\">\n<h4 class=\"wp-block-heading\">CARABINE<\/h4>\n\n\n\n<p>Vous \u00eates attir\u00e9 par les armes longues et leur pr\u00e9cision. La comp\u00e9tition, ainsi que le haut niveau vous font r\u00eaver ! Les \u00e9preuves mondiales et olympiques de tir \u00e0 la carabine sont \u00e0 votre port\u00e9e. Les disciplines de tir \u00e0 la carabine se tirent aux distances de 10 m (plomb diabolo), 50 m (munition 22LR) et 300&nbsp; m. Les \u00e9preuves \u00e0 10&nbsp; m se tirent uniquement en position debout, alors qu\u2019aux distances de 50 et 300 m les \u00e9preuves imposent, selon le cas, la position \u00abCouch\u00e9\u00bb ou bien l\u2019utilisation de l\u2019ensemble des trois positions r\u00e9glementaires \u00abCouch\u00e9\u00bb, \u00abDebout\u00bb et \u00abGenou\u00bb.<\/p>\n<\/div><\/div>\n\n\n\n<div class=\"wp-block-media-text is-stacked-on-mobile\" style=\"grid-template-columns:25% auto\"><figure class=\"wp-block-media-text__media\"><img loading=\"lazy\" decoding=\"async\" width=\"342\" height=\"342\" src=\"http:\/\/cdtir49.fr\/wp-content\/uploads\/2025\/08\/05-cible-mobile.png\" alt=\"\" class=\"wp-image-64 size-full\" srcset=\"https:\/\/cdtir49.fr\/wp-content\/uploads\/2025\/08\/05-cible-mobile.png 342w, https:\/\/cdtir49.fr\/wp-content\/uploads\/2025\/08\/05-cible-mobile-300x300.png 300w, https:\/\/cdtir49.fr\/wp-content\/uploads\/2025\/08\/05-cible-mobile-150x150.png 150w, https:\/\/cdtir49.fr\/wp-content\/uploads\/2025\/08\/05-cible-mobile-100x100.png 100w\" sizes=\"auto, (max-width: 342px) 100vw, 342px\" \/><\/figure><div class=\"wp-block-media-text__content\">\n<h4 class=\"wp-block-heading\">CIBLE MOBILE<\/h4>\n\n\n\n<p>Vous avez l\u2019esprit \u00abchasse\u00bb, vous aimez la spontan\u00e9it\u00e9 et le mouvement, la discipline \u00abCible mobile\u00bb devrait vous attirer. Vous \u00e9paulerez une carabine munie d\u2019une lunette et tirerez sur une cible zon\u00e9e (10 m) ou sur une figurine de sanglier (50 m) fix\u00e9e sur un chariot, qui se d\u00e9place de droite \u00e0 gauche et de gauche \u00e0 droite en deux vitesses de passage : lente ou rapide. Une fois initi\u00e9, pour augmenter la difficult\u00e9, vous pourrez tenter le programme de tir mixte qui envoie al\u00e9atoirement les cibles soit en vitesse lente, soit en vitesse rapide.<\/p>\n<\/div><\/div>\n\n\n\n<div class=\"wp-block-media-text is-stacked-on-mobile\" style=\"grid-template-columns:25% auto\"><figure class=\"wp-block-media-text__media\"><img loading=\"lazy\" decoding=\"async\" width=\"342\" height=\"342\" src=\"http:\/\/cdtir49.fr\/wp-content\/uploads\/2025\/08\/06-ecoles-tir.png\" alt=\"\" class=\"wp-image-65 size-full\" srcset=\"https:\/\/cdtir49.fr\/wp-content\/uploads\/2025\/08\/06-ecoles-tir.png 342w, https:\/\/cdtir49.fr\/wp-content\/uploads\/2025\/08\/06-ecoles-tir-300x300.png 300w, https:\/\/cdtir49.fr\/wp-content\/uploads\/2025\/08\/06-ecoles-tir-150x150.png 150w, https:\/\/cdtir49.fr\/wp-content\/uploads\/2025\/08\/06-ecoles-tir-100x100.png 100w\" sizes=\"auto, (max-width: 342px) 100vw, 342px\" \/><\/figure><div class=\"wp-block-media-text__content\">\n<h4 class=\"wp-block-heading\">\u00c9COLE DE TIR<\/h4>\n\n\n\n<p>La discipline \u00ab\u00c9coles de tir\u00bb permet aux enfants de pratiquer le Tir sportif :<br>\u2022 \u00e0 la carabine, au pistolet ou \u00e0 l\u2019arbal\u00e8te en position debout sur une cible situ\u00e9e \u00e0 10 m,<br>\u2022 au fusil sur des plateaux d\u2019argile avec des armes adapt\u00e9es \u00e0 leur \u00e2ge. <br>Le dispositif \u00abCibles Couleurs\u00bb comprend sept \u00e9chelons d\u2019apprentissage qui favorisent la progression des jeunes tireurs et valident leur niveau de pratique, tout en les initiant progressivement aux valeurs du sport et du tir. Une fili\u00e8re de comp\u00e9tition sp\u00e9cifique, d\u00e9partementale, r\u00e9gionale et nationale, permet aux animateurs de club de motiver les jeunes tireurs.<\/p>\n<\/div><\/div>\n\n\n\n<div class=\"wp-block-media-text is-stacked-on-mobile\" style=\"grid-template-columns:25% auto\"><figure class=\"wp-block-media-text__media\"><img loading=\"lazy\" decoding=\"async\" width=\"342\" height=\"342\" src=\"http:\/\/cdtir49.fr\/wp-content\/uploads\/2025\/08\/10-para-tir.png\" alt=\"\" class=\"wp-image-66 size-full\" srcset=\"https:\/\/cdtir49.fr\/wp-content\/uploads\/2025\/08\/10-para-tir.png 342w, https:\/\/cdtir49.fr\/wp-content\/uploads\/2025\/08\/10-para-tir-300x300.png 300w, https:\/\/cdtir49.fr\/wp-content\/uploads\/2025\/08\/10-para-tir-150x150.png 150w, https:\/\/cdtir49.fr\/wp-content\/uploads\/2025\/08\/10-para-tir-100x100.png 100w\" sizes=\"auto, (max-width: 342px) 100vw, 342px\" \/><\/figure><div class=\"wp-block-media-text__content\">\n<h4 class=\"wp-block-heading\">PARA-TIR<\/h4>\n\n\n\n<p>Vous \u00eates \u00e0 la recherche d\u2019une activit\u00e9 adapt\u00e9e \u00e0 votre situation de handicap, la pratique du Para-tir vous permettra de vous surpasser en comp\u00e9tition ou en loisir. La F\u00e9d\u00e9ration Fran\u00e7aise de Tir porte une attention particuli\u00e8re \u00e0 cette activit\u00e9 qu\u2019elle d\u00e9veloppe autour de plusieurs disciplines r\u00e9pondant \u00e0 des pathologies motrices, sensorielles ou visuelles.<\/p>\n<\/div><\/div>\n\n\n\n<div class=\"wp-block-media-text is-stacked-on-mobile\" style=\"grid-template-columns:25% auto\"><figure class=\"wp-block-media-text__media\"><img loading=\"lazy\" decoding=\"async\" width=\"342\" height=\"342\" src=\"http:\/\/cdtir49.fr\/wp-content\/uploads\/2025\/08\/11-pistolet.png\" alt=\"\" class=\"wp-image-67 size-full\" srcset=\"https:\/\/cdtir49.fr\/wp-content\/uploads\/2025\/08\/11-pistolet.png 342w, https:\/\/cdtir49.fr\/wp-content\/uploads\/2025\/08\/11-pistolet-300x300.png 300w, https:\/\/cdtir49.fr\/wp-content\/uploads\/2025\/08\/11-pistolet-150x150.png 150w, https:\/\/cdtir49.fr\/wp-content\/uploads\/2025\/08\/11-pistolet-100x100.png 100w\" sizes=\"auto, (max-width: 342px) 100vw, 342px\" \/><\/figure><div class=\"wp-block-media-text__content\">\n<h4 class=\"wp-block-heading\">PISTOLET<\/h4>\n\n\n\n<p>Les armes courtes, leur pr\u00e9cision, ainsi que leur capacit\u00e9 de tir \u00e0 r\u00e9p\u00e9tition vous tentent ! Le d\u00e9passement de soi induit par la comp\u00e9tition, ainsi que le haut niveau vous laissent r\u00eaveur ! Les \u00e9preuves de tir au pistolet mondiales et olympiques sont \u00e0 votre port\u00e9e. Les disciplines \u00abPistolet\u00bb proposent des distances de tir \u00e0 10 m (plomb diabolo), 25 et 50 m (munition 22LR et gros calibre). Toutes les \u00e9preuves se tirent en position debout \u00e0 bras franc. La pratique propos\u00e9e aux tireurs se traduit en tir de pr\u00e9cision, en tir de vitesse ou en \u00e9preuves mixtes regroupant \u00e0 la fois la pr\u00e9cision et la vitesse, offrant ainsi une grande diversit\u00e9 !<\/p>\n<\/div><\/div>\n\n\n\n<div class=\"wp-block-media-text is-stacked-on-mobile\" style=\"grid-template-columns:25% auto\"><figure class=\"wp-block-media-text__media\"><img loading=\"lazy\" decoding=\"async\" width=\"342\" height=\"342\" src=\"http:\/\/cdtir49.fr\/wp-content\/uploads\/2025\/08\/09-plateau.png\" alt=\"\" class=\"wp-image-68 size-full\" srcset=\"https:\/\/cdtir49.fr\/wp-content\/uploads\/2025\/08\/09-plateau.png 342w, https:\/\/cdtir49.fr\/wp-content\/uploads\/2025\/08\/09-plateau-300x300.png 300w, https:\/\/cdtir49.fr\/wp-content\/uploads\/2025\/08\/09-plateau-150x150.png 150w, https:\/\/cdtir49.fr\/wp-content\/uploads\/2025\/08\/09-plateau-100x100.png 100w\" sizes=\"auto, (max-width: 342px) 100vw, 342px\" \/><\/figure><div class=\"wp-block-media-text__content\">\n<h4 class=\"wp-block-heading\">PLATEAU<\/h4>\n\n\n\n<p>Tirer au fusil de chasse et casser des plateaux d\u2019argile vous motive ; la comp\u00e9tition et le haut niveau \u00e9galement. Deux disciplines olympiques sont particuli\u00e8rement attrayantes :<br>\u2022 La Fosse olympique. Tir \u00ab\u00e9paul\u00e9\u00bb sur des plateaux fuyants lanc\u00e9s selon une trajectoire et un angle inconnus. Deux cartouches par plateau.<br>\u2022 Le Skeet olympique. Le tireur \u00e9paule seulement \u00e0 l\u2019apparition des plateaux qui ont des trajectoires connues. Le jeu consiste \u00e0 tirer des plateaux \u00absimples\u00bb ou des \u00abdoubl\u00e9s\u00bb. Une cartouche par plateau.<\/p>\n<\/div><\/div>\n\n\n\n<div class=\"wp-block-media-text is-stacked-on-mobile\" style=\"grid-template-columns:25% auto\"><figure class=\"wp-block-media-text__media\"><img loading=\"lazy\" decoding=\"async\" width=\"342\" height=\"342\" src=\"http:\/\/cdtir49.fr\/wp-content\/uploads\/2025\/08\/12-silhouettes.png\" alt=\"\" class=\"wp-image-69 size-full\" srcset=\"https:\/\/cdtir49.fr\/wp-content\/uploads\/2025\/08\/12-silhouettes.png 342w, https:\/\/cdtir49.fr\/wp-content\/uploads\/2025\/08\/12-silhouettes-300x300.png 300w, https:\/\/cdtir49.fr\/wp-content\/uploads\/2025\/08\/12-silhouettes-150x150.png 150w, https:\/\/cdtir49.fr\/wp-content\/uploads\/2025\/08\/12-silhouettes-100x100.png 100w\" sizes=\"auto, (max-width: 342px) 100vw, 342px\" \/><\/figure><div class=\"wp-block-media-text__content\">\n<h4 class=\"wp-block-heading\">SILHOUETTES M\u00c9TALLIQUES<\/h4>\n\n\n\n<p>Essayez-vous au tir sur silhouettes m\u00e9talliques. Le jeu consiste \u00e0 renverser poulets, cochons, dindons ou mouflons en m\u00e9tal, positionn\u00e9s entre 25 et 500 m selon le type d\u2019arme et son calibre. La taille des silhouettes m\u00e9talliques varie suivant l\u2019utilisation d\u2019une arme de poing ou d\u2019\u00e9paule et selon les distances. Les positions de tir sont plut\u00f4t stables, \u00e0 deux mains ou avec le canon de l\u2019arme en appui sur la jambe. Le plaisir est toujours imm\u00e9diat quand votre cible bascule au loin.<\/p>\n<\/div><\/div>\n\n\n\n<div class=\"wp-block-media-text is-stacked-on-mobile\" style=\"grid-template-columns:25% auto\"><figure class=\"wp-block-media-text__media\"><img loading=\"lazy\" decoding=\"async\" width=\"342\" height=\"342\" src=\"http:\/\/cdtir49.fr\/wp-content\/uploads\/2025\/08\/08-armes-regelementaires.png\" alt=\"\" class=\"wp-image-70 size-full\" srcset=\"https:\/\/cdtir49.fr\/wp-content\/uploads\/2025\/08\/08-armes-regelementaires.png 342w, https:\/\/cdtir49.fr\/wp-content\/uploads\/2025\/08\/08-armes-regelementaires-300x300.png 300w, https:\/\/cdtir49.fr\/wp-content\/uploads\/2025\/08\/08-armes-regelementaires-150x150.png 150w, https:\/\/cdtir49.fr\/wp-content\/uploads\/2025\/08\/08-armes-regelementaires-100x100.png 100w\" sizes=\"auto, (max-width: 342px) 100vw, 342px\" \/><\/figure><div class=\"wp-block-media-text__content\">\n<h4 class=\"wp-block-heading\">TIR AUX ARMES R\u00c9GLEMENTAIRES<\/h4>\n\n\n\n<p>Entretenir et utiliser les armes militaires r\u00e9glementaires des di \u00e9rentes arm\u00e9es dans un esprit sportif de s\u00e9curit\u00e9 et d\u2019authenticit\u00e9 est l\u2019objet de cette discipline qui est organis\u00e9e par la F\u00e9d\u00e9ration Fran\u00e7aise de Tir, en coop\u00e9ration avec l\u2019Union Nationale des Officiers de R\u00e9serve (UNOR) et la F\u00e9d\u00e9ration Nationale des Associations de Sous-Officiers de R\u00e9serve (FNASOR). Le Tir \u00e0 l\u2019arme r\u00e9glementaire (TAR) se veut facilement accessible, dans son fonctionnement et sa pratique, alliant pr\u00e9cision et vitesse, au pistolet ou au fusil, en utilisant un \u00e9quipement et un mat\u00e9riel standard.<\/p>\n<\/div><\/div>\n\n\n\n<div class=\"wp-block-media-text is-stacked-on-mobile\" style=\"grid-template-columns:25% auto\"><figure class=\"wp-block-media-text__media\"><img loading=\"lazy\" decoding=\"async\" width=\"342\" height=\"342\" src=\"http:\/\/cdtir49.fr\/wp-content\/uploads\/2025\/08\/07-tir-sportif.png\" alt=\"\" class=\"wp-image-71 size-full\" srcset=\"https:\/\/cdtir49.fr\/wp-content\/uploads\/2025\/08\/07-tir-sportif.png 342w, https:\/\/cdtir49.fr\/wp-content\/uploads\/2025\/08\/07-tir-sportif-300x300.png 300w, https:\/\/cdtir49.fr\/wp-content\/uploads\/2025\/08\/07-tir-sportif-150x150.png 150w, https:\/\/cdtir49.fr\/wp-content\/uploads\/2025\/08\/07-tir-sportif-100x100.png 100w\" sizes=\"auto, (max-width: 342px) 100vw, 342px\" \/><\/figure><div class=\"wp-block-media-text__content\">\n<h4 class=\"wp-block-heading\">VITESSE<\/h4>\n\n\n\n<p>Vous aimez le tir en mouvement et dynamique ; le Tir sportif de vitesse vous propose des actions de tir tr\u00e8s spectaculaires. Elles s\u2019effectuent contre la montre avec des pistolets de gros calibre, munis d\u2019une vis\u00e9e optique ou non. Cette discipline implique une dext\u00e9rit\u00e9 de manipulation des armes, ainsi qu\u2019un respect strict des r\u00e8gles de s\u00e9curit\u00e9 sous peine de p\u00e9nalit\u00e9s importantes et de disqualification. Plusieurs types de parcours sont propos\u00e9s, 12, 24 et 32&nbsp; coups, avec des distances de tir variant de 10&nbsp; \u00e0 70&nbsp; m. Les cibles sont en papier, en m\u00e9tal ou en argile et peuvent \u00eatre fixes, mobiles ou avoir un cycle d\u2019apparition\/disparition.<\/p>\n<\/div><\/div>\n","protected":false},"excerpt":{"rendered":"<p>D\u00e9couvrez le tir sportif et ses 12 disciplines FFTIR. T\u00e9l\u00e9chargez le manuel du Tir Sportif en cliquant ici ARBAL\u00c8TE Il existe deux sortes de pratique, l\u2019arbal\u00e8te match et l\u2019arbal\u00e8te field. L\u2019arbal\u00e8te match est l\u2019h\u00e9riti\u00e8re de l\u2019arbal\u00e8te traditionnelle utilis\u00e9e au Moyen \u00c2ge ; elle se tire \u00e0 10 m en position debout et \u00e0 30 m &hellip; <\/p>\n<p class=\"link-more\"><a href=\"https:\/\/cdtir49.fr\/?page_id=43\" class=\"more-link\">Read more<span class=\"screen-reader-text\"> &#8220;Disciplines&#8221;<\/span><\/a><\/p>\n","protected":false},"author":1,"featured_media":0,"parent":0,"menu_order":0,"comment_status":"closed","ping_status":"closed","template":"","meta":{"footnotes":""},"class_list":["post-43","page","type-page","status-publish","hentry"],"_links":{"self":[{"href":"https:\/\/cdtir49.fr\/index.php?rest_route=\/wp\/v2\/pages\/43","targetHints":{"allow":["GET"]}}],"collection":[{"href":"https:\/\/cdtir49.fr\/index.php?rest_route=\/wp\/v2\/pages"}],"about":[{"href":"https:\/\/cdtir49.fr\/index.php?rest_route=\/wp\/v2\/types\/page"}],"author":[{"embeddable":true,"href":"https:\/\/cdtir49.fr\/index.php?rest_route=\/wp\/v2\/users\/1"}],"replies":[{"embeddable":true,"href":"https:\/\/cdtir49.fr\/index.php?rest_route=%2Fwp%2Fv2%2Fcomments&post=43"}],"version-history":[{"count":8,"href":"https:\/\/cdtir49.fr\/index.php?rest_route=\/wp\/v2\/pages\/43\/revisions"}],"predecessor-version":[{"id":412,"href":"https:\/\/cdtir49.fr\/index.php?rest_route=\/wp\/v2\/pages\/43\/revisions\/412"}],"wp:attachment":[{"href":"https:\/\/cdtir49.fr\/index.php?rest_route=%2Fwp%2Fv2%2Fmedia&parent=43"}],"curies":[{"name":"wp","href":"https:\/\/api.w.org\/{rel}","templated":true}]}}